t is the highest common divisor of 52 and w?
52
Let t = 13375 + -13323. What is the highest common divisor of 1664 and t?
52
Let w be 57/15 - (-3)/15. Suppose -42 = w*z - 6*z. Suppose 0 = 3*h + 4*y - 64, 27*h - 2*y = 28*h - 18. Calculate the greatest common divisor of h and z.
7
Suppose 0*j + t + 7 = j, -3*t = 4*j - 49. Let k(h) = 10*h**2 - 2*h**2 + 31 - 9*h - 7*h**2 - 25. Let b be k(j). Calculate the greatest common factor of b and 8.
8
Let z be 330144/12 - (-25)/10*2. What is the greatest common factor of 7 and z?
7
Let k = -405 - -645. Let q = -176 + k. Calculate the highest common factor of 12 and q.
4
Let q(h) = -449*h + 4081. Let d be q(9). Let w = -72 - -102. What is the highest common factor of w and d?
10
Let p(o) = o**3 + 8*o**2 - 2*o + 3149. Let g be p(0). Calculate the greatest common factor of 67 and g.
67
Let d(m) = -m**3 + 38*m**2 - 35*m - 39. Let f = 160 - 123. Let w be d(f). What is the highest common divisor of 14 and w?
7
Suppose q = 75 - 9. Let a = -1137 - -1302. What is the greatest common factor of a and q?
33
Let k(s) = s**2 - 3*s + 3. Let n be k(3). Suppose 4*v = -n*v + 875. Let f be 8*(-4 - v/(-20)). Calculate the highest common divisor of 6 and f.
6
Suppose 372*i + 27691 - 75679 = 0. Suppose -37 = 3*f - 166. Calculate the greatest common divisor of i and f.
43
Suppose 4*k + 64 = 2*q, -2*k - 110 = -3*q - 3*k. Suppose -5*y + 147 = 27. Let u be (7/(-14))/((-1)/y). What is the greatest common divisor of q and u?
12
Suppose -1735 = -5*y - 5*w + 8*w, 4*w = -4*y + 1356. Calculate the highest common factor of y and 301.
43
Let q be (-118)/(-177) + (-157884)/(-18). What is the greatest common factor of q and 102?
102
Let a = 101 + -59. Suppose -s + 7 = -2*v, -3*v - a = -4*s - 14. What is the highest common factor of s and 8?
1
Let l be (5 + -26)/(-7) + 2. Suppose -20 = 7*z - 12*z, 0 = -n - l*z + 36. Calculate the greatest common factor of n and 232.
8
Suppose -197 = -2*d + 3*c + 133, -836 = -5*d + 2*c. What is the highest common factor of 7672 and d?
56
Let q be 876/(-9) + 3 + 130/(-78). Let v be (q/(-18))/8 + (-1309)/(-3). What is the greatest common divisor of v and 46?
23
Let c be ((-156)/130)/(2/(-195)). Suppose -z = -k + 19, 5*z - 16 = -2*k + 15. What is the highest common divisor of c and k?
9
Suppose -5*u + 6*u + 51 = -f, -3*f + 225 = -4*u. Let q = u + 39. Let p(z) = -z**2 - 16*z + 5. Let g be p(q). What is the greatest common divisor of 100 and g?
20
Let z = -1 + 4. Let u(h) = -h**3 - 2*h**2 - h + 2. Let v(t) = -t - 1. Let y(x) = u(x) + 5*v(x). Let a be y(-3). Calculate the highest common divisor of z and a.
3
Suppose 0 = l + 2*f - 11, 2*f + f = 4*l. Suppose l*i - 3*x + 274 = -413, -2*i + 5*x = 461. Let j = i + 408. What is the greatest common factor of j and 10?
10
Let t(j) = -j**2 + 5*j - 1. Let o be t(3). Suppose 14*i = 5*i + 18. Suppose -i*u + 94 - 4 = 0. Calculate the greatest common divisor of o and u.
5
Let s = -434 - -437. Suppose 0 = 2*p + 2*o - 4*o, -5*p + 12 = o. Suppose -p*w + 28 = w - n, 14 = w - 5*n. What is the highest common divisor of w and s?
3
Let y(u) = 3*u + 6. Let b be y(6). Let g(v) = v**2 - 23*v + 104. Let o be g(b). Calculate the greatest common factor of 4 and o.
4
Let h = -111 + 114. Suppose f = -h*y - 4*f - 340, -5*y - 576 = -f. Let t = y - -121. What is the highest common divisor of 102 and t?
6
Let j be 10/((90/(-153))/(-5)). What is the greatest common factor of 320 and j?
5
Suppose 3 = 2*x + 35. Let u = x + 54. Suppose -u*r + 35*r + 60 = 0. What is the greatest common factor of r and 4?
4
Suppose 3*s - y - 1420 - 125 = 0, -5*s - 5*y = -2555. Let t = 1483 - s. Calculate the greatest common divisor of t and 57.
57
Suppose 2*q - 3*t = 2259, 26*q = 22*q + 2*t + 4514. Calculate the greatest common factor of 120 and q.
24
Suppose 4*l - 18 = -3*p, -7*l + 6 = -5*l. What is the highest common divisor of p and 10?
2
Suppose 4*q - 4 = 456. Suppose -194 - q = -3*v. Suppose -4*h + v = -41. Calculate the greatest common factor of 180 and h.
36
Let m be -35*(-1 - 7/(-35)). Let h be 244/m + -9 - (-1276)/7. Suppose -4*d + k + 5 = -101, 2*d + k = 50. Calculate the greatest common divisor of h and d.
26
Suppose 18 = 3*j - 0. Let g be 1/2*(24 + j/(-1)). Suppose 4*v - g = -5*i, -6 = v + 5*i - i. Calculate the greatest common divisor of 30 and v.
6
Let c = -10310 - -10446. What is the highest common factor of 1581 and c?
17
Let s(k) = -4*k - 2. Let j(x) = -23*x + 99. Let a be j(6). Let o be s(a). Calculate the greatest common divisor of 14 and o.
14
Suppose -r = -j - 525, -r + 5*j = -122 - 387. Suppose 5617*l - 1195 - 346 = 5550*l. Calculate the greatest common divisor of l and r.
23
Let w be (-1)/(1/((-34)/2)). Suppose 4*s = -2*p + 44, p = -s - p + 17. Suppose s*v - 99 = 54. What is the greatest common factor of w and v?
17
Let a be 7 + (186/16 - 54/(-144)). Suppose -l - 33 = 5*m, -3*m - 47 = 4*l - 0*l. Let r be 57 + -2 + l/(-4). Calculate the highest common divisor of r and a.
19
Suppose 17*j + 4*p = 16*j + 1685, 3*j - 3*p - 5115 = 0. Calculate the greatest common factor of 324 and j.
81
Let g(w) = 32*w**2 - 2*w - 5. Let f be g(2). Let y = 47 - 30. Calculate the highest common divisor of f and y.
17
Let d = 37 + 214. Let u = -178 + d. Let p = u + 47. What is the highest common factor of 24 and p?
24
Let v(s) = 19*s**3 - 10*s**2 + 11*s - 89. Let b be v(6). What is the greatest common divisor of b and 61?
61
Let q = 237601 - 237583. Suppose 0 = 4*z + 4*o - 788, 3*z = -4*o + 3*o + 593. What is the highest common divisor of z and q?
18
Suppose q + 4*z - 199 = -0*z, -3*q + 4*z = -645. Let g = q + -126. Suppose i = -3*v + 11, -i - 6*v + 9 = -2*v. Calculate the greatest common divisor of i and g.
17
Let f be (-18 - -10)/((-48)/5088). Calculate the greatest common factor of 1802 and f.
106
Suppose 23*z + 338481 = 128*z + 38*z. Calculate the greatest common factor of z and 2104.
263
Suppose 43 + 17 = 12*y. Suppose -38 = -5*b + 4*t, y*b - 53 = -8*t + 7*t. Let v = 20 + 0. What is the greatest common factor of v and b?
10
Suppose -n - 7 = 5*i, i - n = 3*i + 4. Let l be 24/8 + (i - -73). Let r be (-3 - 90/(-24))*400/6. Calculate the highest common divisor of l and r.
25
Let m be (-8)/52 + (-2968)/(-26). Let s = m - -12. Calculate the greatest common divisor of s and 14.
14
Let r(k) = -4*k**3 + 351*k**2 + 125*k + 299. Let m be r(88). What is the highest common divisor of m and 158?
79
Let b(k) = 7*k**2 + 7*k - 2. Let r be b(6). Let h = 311 - r. Calculate the highest common divisor of h and 152.
19
Let z be 100/(-24)*-2 - (-7)/(-21) - -304. Calculate the highest common factor of z and 663.
39
Let a = 28 - 18. Let z be (1*130/(-15))/(6/9). Let s be (-1 - -2)*(33 + z). What is the greatest common factor of a and s?
10
Suppose -5*u = 3*r - 73 + 36, -5*r + 2*u + 72 = 0. Calculate the greatest common factor of r and 861.
7
Suppose 0 = s + 17*s - 486. Suppose -3*k + s = l, -k - 1 = -6. Calculate the greatest common divisor of l and 348.
12
Let k be (1000/308 - (-4)/22)/((-4)/(-3206)). What is the highest common divisor of k and 24?
12
Suppose -2*d = 3*l - 2978, 40*d = -2*l + 37*d + 1992. What is the greatest common factor of 40 and l?
10
Suppose -l = 0, 3*f + 3*l - 78 = 5*l. Suppose -q + 31 + f = k, 3*k - 5*q = 195. Let y = -58 + 73. Calculate the greatest common divisor of k and y.
15
Let a(v) = -3*v - 2. Let j be a(-6). Let c(t) = -272*t + 8504. Let p be c(31). Calculate the highest common factor of p and j.
8
Let r(p) = 192*p - 70. Let x be ((-84)/12)/(3/(-3)). Let n be r(x). Calculate the greatest common factor of n and 13.
13
Suppose -210 = 123*p - 333. Calculate the greatest common factor of 107 and p.
1
Suppose 315 - 63 = 6*d. Calculate the highest common factor of d and 282.
6
Let p = 1669 - 1641. Let q = -137 - -312. What is the highest common divisor of q and p?
7
Let v(r) = -r**3 + 16*r**2 - 17*r - 28. Let s be v(14). What is the greatest common factor of s and 2178?
18
Suppose 5*d + 2*u = -0*u + 74, -d + 19 = -u. Suppose -d*z + 11*z + 740 = 0. Let x = z + 52. Calculate the greatest common divisor of 20 and x.
20
Suppose -3*s + 1618 = w, -4*w + 6*w = -4*s + 2158. Let n = -530 + s. Let k be (66/4)/(1/6). What is the greatest common divisor of n and k?
9
Suppose 4*u = 4*z - 1 - 75, 2*u = -3*z + 82. Let l be (3 - (